 220228036?
2, 7, 23, 569, 601
What are the prime factors of 3929858963?
3607, 1089509
What are the prime factors of 17675040?
2, 3, 5, 23, 1601
List the prime factors of 27851800.
2, 5, 157, 887
List the prime factors of 107242680.
2, 3, 5, 191, 4679
List the prime factors of 16372848.
2, 3, 347, 983
What are the prime factors of 4138795?
5, 83, 9973
What are the prime factors of 1783816031?
1783816031
What are the prime factors of 543467717?
13, 2081, 20089
What are the prime factors of 1103956268?
2, 17, 1109, 14639
What are the prime factors of 10336580?
2, 5, 516829
List the prime factors of 584504989.
61, 179, 199, 269
What are the prime factors of 10755423?
3, 7, 6323
List the prime factors of 528771184.
2, 33048199
What are the prime factors of 86831746?
2, 43415873
What are the prime factors of 1124453310?
2, 3, 5, 37, 73, 13877
What are the prime factors of 74805011?
74805011
List the prime factors of 2877048744.
2, 3, 31, 3867001
List the prime factors of 86709228.
2, 3, 1453, 4973
What are the prime factors of 1158282980?
2, 5, 57914149
List the prime factors of 2312067375.
3, 5, 685057
List the prime factors of 8559732948.
2, 3, 13, 54870083
List the prime factors of 69403930.
2, 5, 431, 16103
List the prime factors of 174822960.
2, 3, 5, 13, 137, 409
List the prime factors of 27997365.
3, 5, 11, 169681
What are the prime factors of 43997411?
17, 587, 4409
List the prime factors of 14739667.
1499, 9833
What are the prime factors of 56482400?
2, 5, 13, 5431
List the prime factors of 1401820121.
13, 241, 257, 1741
What are the prime factors of 2498552575?
5, 99942103
List the prime factors of 316402998.
2, 3, 52733833
What are the prime factors of 54684571?
3181, 17191
What are the prime factors of 149724840?
2, 3, 5, 547, 2281
List the prime factors of 1036671251.
7, 11, 131, 9343
What are the prime factors of 954834968?
2, 19, 31, 202639
List the prime factors of 28385723.
28385723
List the prime factors of 1111801943.
7, 1129, 140681
List the prime factors of 6454521143.
7, 223, 541, 7643
What are the prime factors of 569607433?
569607433
What are the prime factors of 328052072?
2, 73, 561733
List the prime factors of 10532158.
2, 7, 13, 1181
List the prime factors of 25958700.
2, 3, 5, 28843
What are the prime factors of 9522947662?
2, 3389, 1404979
List the prime factors of 53889233.
89, 605497
List the prime factors of 476816818.
2, 19, 23, 317, 1721
What are the prime factors of 1572520385?
5, 4993, 62989
List the prime factors of 668671510.
2, 5, 13, 101, 127, 401
List the prime factors of 272690879.
379, 521, 1381
What are the prime factors of 142408914?
2, 3, 19, 1249201
What are the prime factors of 130755120?
2, 3, 5, 544813
List the prime factors of 224725671.
3, 53, 17449
List the prime factors of 459279304.
2, 11, 5219083
List the prime factors of 1782583545.
3, 5, 31, 3833513
What are the prime factors of 4458356894?
2, 2229178447
What are the prime factors of 8833815570?
2, 3, 5, 17, 29, 139, 4297
What are the prime factors of 144413177?
144413177
What are the prime factors of 11409722?
2, 97, 103, 571
What are the prime factors of 2025176245?
5, 405035249
What are the prime factors of 452077238?
2, 226038619
List the prime factors of 299714006.
2, 149857003
What are the prime factors of 1232244691?
18457, 66763
What are the prime factors of 3420251430?
2, 3, 5, 193, 590717
List the prime factors of 41773243.
1151, 36293
List the prime factors of 183020951.
183020951
What are the prime factors of 148304309?
148304309
List the prime factors of 29115525.
3, 5, 103, 3769
What are the prime factors of 3401634691?
7, 13, 157, 238093
What are the prime factors of 45350218?
2, 22675109
What are the prime factors of 119816175?
3, 5, 37, 43177
What are the prime factors of 292855159?
23, 12732833
What are the prime factors of 151634860?
2, 5, 13, 23, 25357
List the prime factors of 1421483485.
5, 284296697
What are the prime factors of 218005685?
5, 43601137
List the prime factors of 44239545.
3, 5, 7, 140443
List the prime factors of 482743813.
61, 7913833
List the prime factors of 6102734014.
2, 13, 234720539
What are the prime factors of 46558930?
2, 5, 11, 19, 22277
What are the prime factors of 166491042?
2, 3, 577, 48091
What are the prime factors of 4795781416?
2, 317, 1117, 1693
List the prime factors of 371236772.
2, 29, 3200317
List the prime factors of 1303551638.
2, 651775819
List the prime factors of 146661103.
47, 137, 22777
What are the prime factors of 1880968168?
2, 113, 2080717
What are the prime factors of 626966624?
2, 181, 108247
List the prime factors of 702292841.
702292841
List the prime factors of 44996263.
13, 17, 97, 2099
What are the prime factors of 16089871?
7, 17, 135209
What are the prime factors of 1963665303?
3, 654555101
List the prime factors of 57381788.
2, 14345447
List the prime factors of 6070881.
3, 137, 14771
List the prime factors of 719562792.
2, 3, 13, 41, 4327
List the prime factors of 320279687.
7, 13, 191, 18427
What are the prime factors of 202012810?
2, 5, 647, 31223
List the prime factors of 165073367.
71, 73, 31849
What are the prime factors of 38023398?
2, 3, 7, 100591
What are the prime factors of 120088278?
2, 3, 2223857
What are the prime factors of 235368461?
31, 701, 10831
What are the prime factors of 1098293191?
29, 211, 239, 751
List the prime factors of 1335525901.
89, 15005909
What are the prime factors of 9835390?
2, 5, 43, 89, 257
What are the prime factors of 223482650?
2, 5, 47, 61, 1559
What are the prime factors of 1037619865?
5, 569, 364717
List the prime factors of 74859892.
2, 109, 171697
List the prime factors of 800320299.
3, 19, 53, 264919
What are the prime factors of 113657762?
2, 61, 931621
List the prime factors of 2155972474.
2, 191, 223, 25309
What are the prime factors of 65958593?
127, 519359
What are the prime factors of 28880101?
97, 173, 1721
List the prime factors of 4719323465.
5, 757, 773, 1613
What are the prime factors of 1029132021?
3, 41, 8366927
What are the prime factors of 31257783?
3, 101, 137, 251
List the prime factors of 26383699.
26383699
List the prime factors of 1113729796.
2, 3821, 72869
What are the prime factors of 86285494?
2, 59, 731233
List the prime factors of 41317500.
2, 3, 5, 7, 787
List the prime factors of 8437380.
2, 3, 5, 7, 20089
What are the prime factors of 1785084536?
2, 37, 6030691
What are the prime factors of 162991016?
2, 20373877
What are the prime factors of 909312339?
3, 13, 379, 61519
List the prime factors of 129976405.
5, 13, 29, 53, 1301
List the prime factors of 509098099.
17, 29946947
What are the prime factors of 52399235?
5, 7, 1497121
List the prime factors of 584870978.
2, 2999, 97511
What are the prime factors of 1126742051?
1126742051
List the prime factors of 82185892.
2, 47, 437159
What are the prime factors of 1307542555?
5, 11, 23773501
What are the prime factors of 157720344?
2, 3, 37, 47, 3779
What are the prime factors of 37386409?
37386409
List the prime factors of 120746606.
2, 60373303
List the prime factors of 32138413.
31, 107, 9689
What are the prime factors of 236425348?
2, 179, 330203
What are the prime factors of 1250078697?
3, 7, 17, 67, 5807
List the prime factors of 42727558.
2, 21363779
List the prime factors of 96680371.
37, 2612983
What are the prime factors of 36895663?
7, 19, 277411
What are the prime factors of 1520338635?
3, 5, 149, 197, 1151
List the prime factors of 514733842.
2, 7, 36766703
List the prime factors of 467480326.
2, 233740163
List the prime factors of 129399463.
129399463
List the prime factors of 100943665.
5, 23, 877771
List the prime factors of 49516371.
3, 5501819
List the prime factors of 10324567.
11, 7757
List the prime factors of 1492480312.
2, 347, 537637
List the prime factors of 397070103.
3, 31, 4269571
List the prime factors of 657471365.
5, 151, 870823
List the prime factors of 180211193.
59, 881, 3467
What are the prime factors of 1111788896?
2, 34743403
What are the prime factors of 7326112268?
2, 823, 2225429
What are the prime factors of 43929388?
2, 10982347
What are the prime factors of 151544557?
61, 191, 13007
What are the prime factors of 337416980?
2, 5, 877, 19237
List the prime factors of 27558831.
3, 9186277
List 